b is divided by p(7)?
14
Let j(l) be the third derivative of l**6/30 + l**4/24 - l**3/6 - l**2. Calculate the remainder when 11 is divided by j(1).
3
Calculate the remainder when 49 is divided by 17*(2 - -2)/4.
15
Suppose j - 3*j = -16. Let q(l) = -l + 10. Let h be q(9). Let f = h + j. What is the remainder when 17 is divided by f?
8
Suppose 4*z - z + 8 = 2*i, -3*i = -2*z - 17. Let t = 16 - -3. What is the remainder when t is divided by i?
5
Let i(t) = 7*t - 5. Let d(c) = -c**3 + 6*c**2 - 2*c - 5. Let w = 4 + 1. What is the remainder when i(6) is divided by d(w)?
7
Let v = 87 - 71. Let c be (-6)/(-8)*2*2. Suppose 0*z - 4*y - 248 = -4*z, -c*y = -3. Calculate the remainder when z is divided by v.
15
Suppose -o + 4*t - 2*t = 4, -4 = 3*o - 4*t. What is the remainder when (-2 + (1 - -2))*o is divided by (2/(-3))/((-2)/6)?
0
Suppose 30 + 22 = 4*l - 5*v, 39 = 3*l - 2*v. What is the remainder when 38 is divided by l?
12
Let u(i) = -i**2 - i + 16. Let l be u(0). Suppose -2*r + 12 + l = 0. What is the remainder when 26 is divided by r?
12
Suppose 3*p - 1 = 2*p. Let z = -19 - -38. What is the remainder when z is divided by (-1)/((-2)/22)*p?
8
Let o(l) = -3*l - 3. Suppose h - 5 = 0, 2*y + 3*y = -2*h. Calculate the remainder when o(y) is divided by ((-4)/14)/(4/(-28)).
1
Let t be 1/1 - (97 - 5). Let h = -61 - t. What is the remainder when h is divided by 8?
6
Let a = 2 - -3. Suppose 5*g = -t + g - 15, -a*t = -2*g - 35. Suppose -t*f + 3*q = -q - 161, 3*f - 83 = -q. What is the remainder when f is divided by 10?
9
Let l = -3 - -12. Let p be 4/6 + (-32)/(-6). Suppose -2*x = 2*v - p, x + x = 5*v + 20. What is the remainder when l is divided by x?
4
Suppose -4*k + 0*k = -48. Let b = 20 - k. Calculate the remainder when 22 is divided by b.
6
Suppose -64 = -4*o - 0*o. Let n = o - -4. Suppose 0 = 5*b - 2*j - n, -25 = -4*b - j - 9. Calculate the remainder when 10 is divided by b.
2
Let r = 13 + -8. Calculate the remainder when r is divided by 3/(-2)*(-4)/3.
1
Let j(w) = -w**2 + 3*w + 4. Let q be j(3). Let g be (-2)/(-5) + q/(-10). Suppose -4*h - h + 265 = g. What is the remainder when h is divided by 18?
17
Suppose -3*c - 3*c = -594. What is the remainder when c is divided by 25?
24
Let l(s) = 2*s - 6. Let p = -10 - -15. Let q be l(p). Let d = 11 - q. Calculate the remainder when d is divided by 3.
1
Let g(i) = -11*i + 1. Let o = 29 - 22. What is the remainder when g(-1) is divided by o?
5
Let p(h) = 3*h**3 + 42*h**2 + 13. Suppose -2*u - 2*u - 5*x + 106 = 0, 0 = 5*x - 10. Calculate the remainder when u is divided by p(-14).
11
What is the remainder when 52 is divided by 0*(-6)/(-6) + 5?
2
Let k(p) = -p - 28. Let d be k(0). Let q = -17 - d. What is the remainder when 32 is divided by q?
10
Suppose -5*h + 27 = -0*r + 2*r, -4*r + h = -21. What is the remainder when 16 is divided by r?
4
Let i = 21 - -13. What is the remainder when 169 is divided by i?
33
Suppose -3 = -4*n + 5. Calculate the remainder when 57/n - 2/4 is divided by 11 - 1/(1 - 0).
8
Suppose -y + 4*t + 0*t = -54, -3*y + 3*t + 117 = 0. What is the remainder when 134 is divided by y?
32
Suppose -r = -2*m - 12, 0*m - 3*m = -2*r + 19. Suppose -n = -2*z + 4*n + 39, 0 = -r*z + 2*n + 24. Calculate the remainder when 13 is divided by (z*-1)/(2 - 3).
6
Let z = 34 - 22. What is the remainder when 47 is divided by z?
11
Let l = -232 - -259. Let s(q) = -15*q. Calculate the remainder when s(-7) is divided by l.
24
Suppose 14 = -3*f + 23. Calculate the remainder when 10 is divided by f.
1
Let w = 207 + -101. Suppose -3*j - 35 + 110 = -2*i, i - 3 = 0. Calculate the remainder when w is divided by j.
25
Let y be 1*77*(-3)/(-3). Calculate the remainder when 4 is divided by 14/y + (-20)/(-11).
0
Let l(u) = -u + 1. Suppose 2*f = k + 51, f + 5*k - 20 = -0*f. Suppose 7*m - 2*m - f = 0. What is the remainder when l(-6) is divided by m?
2
Let x = -3 + 7. What is the remainder when 11 is divided by x?
3
Suppose 86 = k + k. Suppose -2*h = -5*h + 45. Calculate the remainder when k is divided by h.
13
What is the remainder when -1*((-130)/3 - (-5)/15) is divided by 15?
13
Let c(m) = 17*m - 84. Calculate the remainder when 143 is divided by c(6).
17
Suppose p - 1 + 3 = -3*a, 12 = 3*p. Let z be (1/(-1))/(a/(-10)). Calculate the remainder when (-2 - z)*32/6 is divided by 6.
4
Suppose 5 = -2*j + 87. Calculate the remainder when j is divided by 14.
13
Let h = -270 + 99. Let g be (-2)/((-6)/h) - -2. Calculate the remainder when 21 is divided by (g/15)/(1/(-3)).
10
Suppose 5*f = 189 + 121. Calculate the remainder when f is divided by 32.
30
Let a(h) be the first derivative of 19*h**3/3 - h - 3. Calculate the remainder when 34 is divided by a(1).
16
Let t = 4 - 7. Let u(q) be the second derivative of q**4/12 + q**3/3 - q**2 + 2*q. Calculate the remainder when 2 is divided by u(t).
0
Let p(y) = -13*y**3 + y + 1. Let g(l) = l**3 - 9*l**2 - 6*l - 2. What is the remainder when g(10) is divided by p(-1)?
12
What is the remainder when 27 is divided by 5/(30/4)*15?
7
What is the remainder when 1796/20 - 36/45 is divided by (-2)/7 - 424/(-14)?
29
What is the remainder when 52 is divided by ((-3)/(-4))/((-3)/(-108))?
25
Let m(w) = 2*w**2 - 3*w. Let c be m(2). Suppose -3*u + 22 = -c*u. Let g(r) = r**3 + 4*r**2 - 4*r - 4. Calculate the remainder when u is divided by g(-4).
10
Suppose -3*w - 4*h + 1 = 17, 4*w + 15 = h. Suppose 0 = -4*i + 3*i + 15. What is the remainder when (-164)/(-6) - w/6 is divided by i?
13
Let j = -53 + 79. Let i = -210 + 311. What is the remainder when i is divided by j?
23
Let d = 24 + -8. Suppose -s - 63 = -2*n, 2*n + s + 13 = 66. Calculate the remainder when n is divided by d.
13
Let p(c) = -c**2 - 6*c + 4. Let o be 1/(-7) + (-29)/(-7). Let f be (3 - 22/o)*2. Calculate the remainder when 25 is divided by p(f).
7
Let n = 13 - -25. What is the remainder when 151 is divided by n?
37
Suppose 65 = 5*j - 2*i - 3*i, i = -2. Suppose 9 + j = 4*l. Calculate the remainder when l is divided by 4.
1
Let d(b) = -26*b**3 + 2*b**2 + 2*b. What is the remainder when d(-1) is divided by 4?
2
Suppose -33 = 2*y + 73. Let j = y + 74. What is the remainder when 41 is divided by j?
20
Suppose -4*f - 4 = 2*h - 24, 0 = h + 5*f - 4. Let z = -34 + 61. Calculate the remainder when z is divided by h.
13
Suppose -t - 72 = -5*t. Let q be (-156)/(-10)*45/(-6). Let y = -83 - q. Calculate the remainder when y is divided by t.
16
Let l be 5/(40/38 - 1). Let i = l + -52. Suppose 5*y - 83 = 4*g, 3*y + 2*g - 6*g = 53. What is the remainder when i is divided by y?
13
Suppose -3*l + 25 = a - 2*a, 10 = 5*a. Let i = 36 + -31. Calculate the remainder when l is divided by i.
4
Let g(f) = -f**2 - 13*f + 17. Let k be g(-14). Suppose 0 = h + b - 9, -b - k = -5. Calculate the remainder when 32 is divided by h.
4
Let w = -9 + 23. Suppose 4*j - w = -2. Calculate the remainder when j is divided by 1.
0
Suppose 5*h + 4*k = h + 296, 400 = 5*h - 5*k. Suppose -8*j = -7*j - 20. Calculate the remainder when h is divided by j.
17
Suppose -2*w = -4*w + 2. Suppose 2*q = 5*d + q - 16, -16 = -d - 3*q. Suppose d - w = c. What is the remainder when c is divided by 2?
1
Calculate the remainder when 10 is divided by 22/8 - 1/(-4).
1
Calculate the remainder when (-5 + 58)*(2 + -1) is divided by 14.
11
Let s(t) = t**3 + 27*t**2 + 24*t + 1. Calculate the remainder when s(-26) is divided by 27.
26
Let o be (-1 - 0 - 2)/(-1). Suppose 2*q + 3*t = -o, 0*t - 20 = -5*q - 2*t. Calculate the remainder when 10 is divided by q.
4
Let t = 128 - 58. Suppose -2*w = -4*w + t. Calculate the remainder when w is divided by 19.
16
Let d = 6 - -5. Let r(h) = h**2 - h + 49. Let y be r(0). Let s = y + -7. What is the remainder when s is divided by d?
9
Let q(w) = -w**3 - 5*w**2 + w + 5. Let d be q(-5). Suppose d = -5*s + 42 + 233. What is the remainder when s is divided by 19?
17
Let y = 42 + -35. Calculate the remainder when 10 is divided by y.
3
What is the remainder when 65 is divided by 1 - (-5 + -2)*3?
21
Let q = 17 - 12. Let i(n) = -n + 9. Let f be i(q). Suppose 33 + 2 = 3*s - 4*h, 2*h = f*s - 30. What is the remainder when 9 is divided by s?
4
Suppose -1 = -3*w - 2*y - 0, 5*w + 5*y = -5. Let h be 2/w*6/(-4). Let v(m) = m**2 + m + 1. What is the remainder when 2 is divided by v(h)?
0
What is the remainde